{"id":9289,"date":"2023-11-27T11:01:43","date_gmt":"2023-11-27T11:01:43","guid":{"rendered":"https:\/\/ines.es\/works\/rehabilitation-of-dicido-mineral-loading-platform\/"},"modified":"2026-04-14T12:32:13","modified_gmt":"2026-04-14T12:32:13","slug":"rehabilitation-of-dicido-mineral-loading-platform","status":"publish","type":"works","link":"https:\/\/ines.es\/es\/works\/rehabilitation-of-dicido-mineral-loading-platform\/","title":{"rendered":"REHABILITACI\u00d3N DEL CARGADERO DE MINERAL DE D\u00cdCIDO EN CASTRO-URDIALES. ESPA\u00d1A"},"content":{"rendered":"","protected":false},"featured_media":9291,"template":"","capacity_buildings":[150],"class_list":["post-9289","works","type-works","status-publish","has-post-thumbnail","hentry","capacity_buildings-cultural-heritage-es"],"acf":[],"_links":{"self":[{"href":"https:\/\/ines.es\/es\/wp-json\/wp\/v2\/works\/9289","targetHints":{"allow":["GET"]}}],"collection":[{"href":"https:\/\/ines.es\/es\/wp-json\/wp\/v2\/works"}],"about":[{"href":"https:\/\/ines.es\/es\/wp-json\/wp\/v2\/types\/works"}],"wp:featuredmedia":[{"embeddable":true,"href":"https:\/\/ines.es\/es\/wp-json\/wp\/v2\/media\/9291"}],"wp:attachment":[{"href":"https:\/\/ines.es\/es\/wp-json\/wp\/v2\/media?parent=9289"}],"wp:term":[{"taxonomy":"capacity_buildings","embeddable":true,"href":"https:\/\/ines.es\/es\/wp-json\/wp\/v2\/capacity_buildings?post=9289"}],"curies":[{"name":"wp","href":"https:\/\/api.w.org\/{rel}","templated":true}]}}

REHABILITACIÓN DEL CARGADERO DE MINERAL DE DÍCIDO EN CASTRO-URDIALES. ESPAÑA
